 common factor of 140447 and 141783.
167
Calculate the highest common factor of 212665050 and 750.
150
What is the greatest common divisor of 14532032 and 19296?
2144
What is the greatest common divisor of 33420 and 71040?
60
Calculate the greatest common factor of 8679 and 12153493.
2893
Calculate the highest common divisor of 318913 and 1644097.
203
Calculate the greatest common divisor of 12480 and 2806830.
390
What is the highest common factor of 14862 and 4542?
6
Calculate the highest common divisor of 7421316 and 24.
12
What is the greatest common divisor of 182087470 and 10?
10
Calculate the highest common divisor of 65805843 and 140592.
8787
What is the greatest common factor of 142791 and 5412?
33
Calculate the greatest common factor of 1625 and 301275.
325
Calculate the greatest common factor of 856 and 37691178.
214
Calculate the greatest common factor of 21270576 and 19.
19
Calculate the highest common factor of 61307 and 720509.
607
What is the highest common factor of 16291 and 283789?
11
What is the greatest common divisor of 353316794 and 2032?
254
What is the highest common factor of 68 and 26712916?
68
Calculate the highest common factor of 12 and 4242200.
4
Calculate the highest common divisor of 216 and 27057168.
72
What is the highest common divisor of 31097 and 6292?
121
What is the greatest common divisor of 26991159 and 35619?
1149
What is the highest common factor of 786715 and 675?
5
Calculate the highest common divisor of 3378 and 37431618.
3378
Calculate the highest common factor of 2366948 and 14.
2
What is the greatest common divisor of 126268940 and 2830?
2830
Calculate the highest common factor of 12574228 and 740.
148
Calculate the greatest common factor of 15405656 and 84.
28
Calculate the highest common divisor of 123335 and 390235.
85
What is the greatest common factor of 91 and 189301021?
91
What is the highest common factor of 12515148 and 69?
3
What is the highest common factor of 170628 and 241?
241
Calculate the highest common factor of 1887 and 3403815.
111
What is the highest common divisor of 22880 and 87442784?
4576
Calculate the highest common factor of 46633536 and 432.
432
Calculate the highest common factor of 407826 and 8834274.
2934
Calculate the highest common divisor of 55 and 4802061.
11
What is the greatest common divisor of 15 and 36688935?
15
Calculate the highest common factor of 63534073 and 46.
23
What is the highest common factor of 82503 and 937?
1
What is the highest common factor of 27219674 and 609026?
2914
Calculate the highest common divisor of 6846272 and 7360.
1472
Calculate the greatest common factor of 1828090 and 3890.
10
Calculate the highest common divisor of 318 and 13878714.
6
Calculate the greatest common divisor of 1079540732 and 34.
34
What is the greatest common divisor of 22230 and 2265750?
1710
Calculate the greatest common factor of 359866 and 35557529.
13841
Calculate the highest common divisor of 96 and 48882576.
48
What is the highest common factor of 2405283751 and 377?
377
Calculate the highest common divisor of 94129 and 2737.
119
Calculate the greatest common factor of 6436 and 58660922.
3218
What is the highest common factor of 10200 and 23111160?
2040
Calculate the greatest common factor of 211564 and 895652.
932
What is the greatest common divisor of 242206 and 70498?
698
What is the highest common factor of 18738448 and 368?
16
Calculate the greatest common divisor of 27986279 and 159.
53
Calculate the highest common factor of 373355416 and 112.
56
Calculate the greatest common factor of 292 and 12434017.
73
Calculate the greatest common factor of 43014 and 13802.
134
What is the highest common divisor of 469 and 134519?
7
Calculate the highest common factor of 387569 and 2218939.
4259
Calculate the greatest common factor of 22846440 and 2040.
120
What is the highest common divisor of 1791 and 128902847?
199
Calculate the highest common divisor of 44484 and 6906.
6
Calculate the highest common factor of 30 and 38495055.
15
What is the highest common factor of 11033 and 16797?
11
Calculate the greatest common divisor of 120 and 440624000.
40
What is the highest common divisor of 175470 and 34150?
10
What is the highest common factor of 420 and 45730125?
105
Calculate the highest common factor of 471771 and 1378347.
303
Calculate the highest common divisor of 3961230 and 630.
210
What is the highest common divisor of 58002 and 84378?
42
Calculate the greatest common divisor of 4177856 and 696.
232
Calculate the highest common divisor of 6240 and 546195.
195
Calculate the highest common factor of 144252 and 30519.
9
Calculate the greatest common factor of 96 and 796018464.
96
Calculate the greatest common factor of 380 and 2761992.
76
What is the highest common factor of 46725 and 54250?
175
Calculate the greatest common factor of 298617563 and 17.
17
Calculate the highest common divisor of 84 and 22575120.
12
What is the greatest common factor of 129147094 and 962?
74
What is the greatest common divisor of 110 and 1351537?
11
What is the greatest common factor of 2446164 and 194004?
612
Calculate the greatest common factor of 445079 and 1648367.
181
Calculate the highest common factor of 20220 and 65619966.
2022
Calculate the highest common divisor of 1196251 and 219.
73
What is the highest common divisor of 18 and 245639583?
9
What is the highest common factor of 13 and 195299273?
13
Calculate the highest common factor of 509450 and 93150.
1150
What is the highest common factor of 107166 and 684336?
318
What is the highest common divisor of 803570 and 2354?
214
What is the highest common factor of 3417 and 865929?
51
Calculate the greatest common factor of 53441389 and 43.
43
What is the greatest common divisor of 124 and 233027?
31
Calculate the greatest common factor of 63318768 and 144.
48
Calculate the greatest common divisor of 1991567 and 82025.
3281
What is the highest common divisor of 186 and 235529444?
62
What is the greatest common divisor of 182 and 11934338?
26
Calculate the highest common divisor of 680 and 137549040.
680
What is the greatest common factor of 895 and 320040?
5
Calculate the highest common divisor of 342 and 25656894.
18
Calculate the highest common divisor of 27936495 and 2673.
243
Calculate the greatest common factor of 57 and 561122478.
57
Calculate the greatest common divisor of 710696 and 20304.
8
Calculate the highest common factor of 47799 and 1185.
3
What is the highest common factor of 1647 and 92978091?
1647
What is the greatest common factor of 460 and 52540?
20
Calculate the greatest common factor of 24092 and 49628.
76
Calculate the greatest common factor of 59774884 and 8528.
2132
What is the greatest common divisor of 3746886 and 38112?
2382
What is the greatest common factor of 110568 and 79594?
34
Calculate the highest common divisor of 140268 and 161196.
12
Calculate the highest common factor of 12214064 and 82.
82
What is the greatest common divisor of 202451 and 8052340?
457
Calculate the highest common factor of 7470 and 260781435.
3735
What is the greatest common factor of 14094 and 4144122?
486
Calculate the highest common divisor of 151492 and 2420116.
1252
Calculate the greatest common divisor of 21734 and 819.
1
What is the highest common divisor of 249 and 13831286?
83
Calculate the highest common divisor of 10645641 and 1269.
1269
What is the greatest common factor of 2976 and 19812192?
96
What is the highest common divisor of 12 and 355478556?
12
Calculate the highest common factor of 675504 and 720.
144
What is the highest common factor of 440028406 and 4682?
4682
What is the highest common factor of 30248 and 83749150?
7562
What is the highest common divisor of 335722 and 18?
2
What is the greatest common divisor of 112 and 146492752?
112
What is the greatest common factor of 1560 and 388289928?
312
What is the greatest common factor of 3257664 and 15792?
2256
Calculate the greatest common factor of 8569 and 674329.
19
What is the highest common factor of 455 and 129025?
65
What is the highest common divisor of 272 and 56553856?
16
What is the highest common divisor of 2912 and 10780462?
14
Calculate the highest common factor of 36 and 7616259.
9
What is the highest common divisor of 877